vided by 181.
63
Suppose 312*i = 311*i + 31. Let k(h) = h**2 + 7*h + 5. What is the remainder when i is divided by k(-8)?
5
Let r be 12*(-186)/12*4/(-3). Let y = r + -243. What is the remainder when 68 is divided by y?
3
What is the remainder when (-37851)/341*(-8 - -1) is divided by 11?
7
Suppose p - 25 = 4*j - 5*j, 2*p - 43 = 5*j. Let f = p + 2. Suppose 175*v - 677*v + 3492 = 480. Calculate the remainder when f is divided by v.
2
What is the remainder when 523 is divided by (53/(-4))/((-99)/(-36) + -3)?
46
Let m(i) = -25*i - 487. Let a = 7 - 4. Suppose -14 = -a*p - 3*y + 16, -3*p - 4*y = -30. Calculate the remainder when m(-20) is divided by p.
3
Suppose 73*m - 8 = 525 + 781. Calculate the remainder when 691 is divided by m.
7
Let j = 0 + 16. Suppose 4*y - 28 = 0, 5*v + 2*y - 157 = 162. What is the remainder when v is divided by j?
13
Let d = 0 - -4. Let q = -246 - -249. Suppose 190 = 22*n - q*n. Calculate the remainder when n is divided by d.
2
Let f(o) = -4*o - 130. Suppose 0 = 50*y + 2202 + 398. Calculate the remainder when 169 is divided by f(y).
13
Suppose 4*v - t = -58 + 1428, -2*t + 347 = v. Let i = v - 281. What is the remainder when i is divided by 33?
29
Let y(s) = s**3 + 2*s**2 - 227*s + 5. Calculate the remainder when y(-16) is divided by 13.
1
Let t = -7395 + 7446. What is the remainder when t is divided by 6?
3
Let m = 111 - 99. Let d(u) = -13*u + 38. Let h be d(m). Let i = 211 + h. Calculate the remainder when i is divided by 24.
21
Let n(d) be the second derivative of -d**5/10 + 13*d**4/12 + 11*d**3/6 - 27*d**2/2 - d - 2. What is the remainder when n(6) is divided by 13?
10
Let u(d) = -d**2 + 242*d + 1282. Calculate the remainder when 1510 is divided by u(-5).
6
Suppose 0 = 109*h - 90*h - 209. What is the remainder when -4*(2 + (-38)/4) is divided by h?
8
Suppose 5*z - 214 + 1 = -3. Calculate the remainder when 1845 is divided by z.
39
Suppose -3 + 36 = 11*d. Suppose -4*a - 8 = g - 25, 5*g - 5*a - 10 = 0. What is the remainder when -9*(-3)/d + 2 is divided by g?
1
Let r(d) = 55*d**2 - 8717*d - 17440. What is the remainder when r(-2) is divided by 24/((-1)/(-6)*4)?
34
Calculate the remainder when 2707 is divided by (-300 + -1)*((-411)/(-21) + -20).
127
Suppose -1134 + 5799 = 15*o. Calculate the remainder when o is divided by 39.
38
Suppose -u + 4*p - 14 = 0, 2*p + 4 = 4*u + p. Suppose 4*x - 82 = -u*k, 0*x + 89 = 4*x - 5*k. Calculate the remainder when 102 is divided by x.
18
Suppose -y + 5*m = -40, 3*m - m = -3*y + 69. Suppose 296*x - 298*x - 4*q + 230 = 0, 3*x - 4*q - 235 = 0. What is the remainder when x is divided by y?
18
Let z(c) = -3*c**3 - 28*c**2 + 7*c + 11. Let q be z(-9). Let g = q - -139. Calculate the remainder when 0 + (66/2)/3 is divided by g.
5
What is the remainder when 352 is divided by ((-21)/(-84) + 765/(-4))*(0 - 1)?
161
Let o = -67 + 141. Let q = 113 - o. Calculate the remainder when 168 is divided by q.
12
Let w(m) = m**2 + 5 - 17 + 3*m - 7*m. Let z be w(6). Let y = z + 14. Calculate the remainder when 38 is divided by y.
10
Let r = -7728 - -7777. Suppose -3*d = -4*c - 146, 0*d + d - 5*c - 34 = 0. What is the remainder when d is divided by r?
5
Let s = 487 - 483. Calculate the remainder when 16 is divided by (-4 + s)*(-1)/(-2) + 10.
6
Suppose -3*h - 970 = -2*i, -24*h + 19*h = -3*i + 1454. Let w = i - 204. Calculate the remainder when w is divided by 12.
8
Suppose 1 = 3*i + 4, 0 = 5*a - 4*i + 1. Let y be (2 - a) + 44 + (-20)/4. Let n = y - 22. Calculate the remainder when 37 is divided by n.
17
Let z = 304 + -299. Suppose 2*b - z*y + 86 = 4*b, -y - 36 = -b. Calculate the remainder when b is divided by 16.
6
Suppose -19*p + 895 = 287. Let r be (-2 + -4)*(-2)/6. Let b(u) = u**3 + u**2 - 3*u + 3. What is the remainder when p is divided by b(r)?
5
Suppose -4*l = -3*v + 70, 5*l - l = -2*v - 60. Let m(b) = -3*b**2 - 49*b + 27. What is the remainder when 83 is divided by m(l)?
40
Suppose -2176 = 6*m - 4996. Calculate the remainder when m is divided by 119.
113
Suppose -a + 9 = -3*x, 4*x + 1 = a - 12. Calculate the remainder when 47 is divided by -68*5/80*x.
13
Suppose 53887 = -309*j + 146278. Calculate the remainder when 2425 is divided by j.
33
Suppose -19*p - 9595 = -0*p. Let o = p + 539. What is the remainder when 53 is divided by o?
19
Suppose 20822*d + 522 = 20831*d. Calculate the remainder when 184 is divided by d.
10
Suppose -b = -13 - 1. Let f be (1645/(-14) - -2)*-2. Suppose 0*y = -11*y + f. Calculate the remainder when y is divided by b.
7
Let w = 27 + -24. Let g be (-10)/4*(-6)/w. What is the remainder when 1/g + (-1)/((-10)/888) is divided by 26?
11
Suppose 2*w = -4*w + 90. Calculate the remainder when 5256/63 - (-18)/(-42) is divided by w.
8
Let t(i) = 100*i - 1292. Calculate the remainder when t(19) is divided by 114.
38
Let m(h) = -2*h + 9. Let v be m(4). Let o = v + 2. Calculate the remainder when 32 is divided by 18 - o*3/9.
15
Let y(j) = -j**2 + 20*j + 156. What is the remainder when y(23) is divided by 56?
31
Let s be 10/(-15)*(-27)/6 - 9. Let x(l) = -9*l - 50. Let v(i) = -5*i - 25. Let b(r) = s*x(r) + 11*v(r). Calculate the remainder when 53 is divided by b(14).
9
Suppose 5*y = 8*y - 261 + 75. What is the remainder when 181 is divided by y?
57
Suppose 4*d + 2 = -j, -5*j - d = -3*d + 10. Let t be j + -1 - -4 - -706. Suppose 0 = 6*f - t + 17. Calculate the remainder when f is divided by 29.
28
Suppose 0*b + 14 = 3*d - 5*b, -4*b - 7 = -d. Suppose 0 = 3*r - z - z - 54, 5*r = 4*z + 90. Suppose 13*j = 7*j + r. What is the remainder when j is divided by d?
0
Suppose -w + 4*w = 0. Suppose w = -k - 11 + 41. Calculate the remainder when 17/170 - (-2517)/90*3 is divided by k.
24
Suppose -34*f + 16020 = 130*f - 15140. Calculate the remainder when 1327 is divided by f.
187
Let i = -500 - -368. Let c = i + 156. What is the remainder when 67 is divided by c?
19
Let y(g) = -2*g**3 - 147*g**2 - 68*g + 374. What is the remainder when 4408 is divided by y(-73)?
7
Let u(y) = y - 5. Let q be u(8). Suppose -3*w - 25 = -q*p - 10, -3*w = -6. Let d = -3102 - -3136. What is the remainder when d is divided by p?
6
Let v(a) = 67*a - 733. What is the remainder when 65 is divided by v(11)?
1
Suppose -7464 = -2*r + 4*m, 2*r + 27*m - 7446 = 22*m. What is the remainder when r is divided by 52?
36
Let u = -912 - -1029. Let c be (16/(-10))/((-6)/225). Suppose -c = -6*p + 2*p. What is the remainder when u is divided by p?
12
Suppose -11734*k = -11729*k - 4610. What is the remainder when k is divided by 88?
42
Let k = 4332 - 4281. What is the remainder when 77 is divided by k?
26
Let o be 94/14 - 32/(-112). Suppose 6*y + 46 = o*y. Suppose -2*q - t + y = 0, -2*q - q = t - 67. What is the remainder when 33 is divided by q?
12
Calculate the remainder when (-174350)/(-825)*6/4 is divided by 106.
105
Let b be 1 + 4 - (5 + -6). Let p be 3/(-9) - (-26)/b. Suppose -5*u + 54 = p*o - 53, 0 = -2*o - 4*u + 46. Calculate the remainder when 130 is divided by o.
31
Let w(n) = -525*n + 10. Let g be w(1). Let z = g + 1112. Calculate the remainder when z is divided by 75.
72
Let t be (0 + (-12)/9)*(-276)/8. Suppose 5*b = -26*w + 22*w + t, -3*b = -5*w + 76. Calculate the remainder when 96 is divided by w.
12
Let b(u) = -u**3 - 2*u**2 - 4*u - 1. Let j = -2787 + 2897. What is the remainder when j is divided by b(-3)?
10
Suppose 216 = 16*q - 776. Calculate the remainder when (1/(-2) - (-1)/2) + q is divided by 7.
6
Let a(r) = 15*r - 117. Let q be a(9). Suppose 0 = 10*l - q*l + 168. Calculate the remainder when 82 is divided by l.
19
Let a = 4 + -5. Suppose 4 = -23*r + 50. Calculate the remainder when 67 is divided by (r - a - 4)*-35.
32
Let b(s) = 14*s**2 + s + 2. Let c(p) = -13*p**2 - 1. Let g(f) = -3*b(f) - 4*c(f). Suppose -10 = 2*d - 48. What is the remainder when d is divided by g(-1)?
8
Let r = -669 + 669. Suppose r = -20*j + 27*j - 1995. What is the remainder when j is divided by 73?
66
Let j(k) = 3*k**2 + 16*k + 114. Let m be j(-6). Suppose -m*n + 129*n = 54. What is the remainder when 20 is divided by n?
2
Let q be 3*1/(-1) - (-4 + -120). Let n = q - 113. What is the remainder when 116 is divided by n?
4
Suppose -5*s = 7*s - 312. What is the remainder when 98 is divided by s?
20
Suppose 16 + 5 = -3*n + 3*r, -3*n = 4*r + 7. Calculate the r